. Let w be u(-21). Let t = -36 + w. List the prime factors of t.
2
Suppose 0 = 22*s - 9059 - 5505. What are the prime factors of s?
2, 331
Let c(z) = z**3 + 8*z**2 + 8*z + 4. Let j(l) = 2*l**3 + 7*l**2 + 7*l + 5. Let r(w) = 3*c(w) - 4*j(w). List the prime factors of r(-4).
2, 3, 11
Let w be 2/(-4)*0*-1. Suppose w*m = 5*a - 5*m, 5*a - 4 = 3*m. Suppose -2*d - 58 = -4*z - 4*d, -2*z - a*d = -28. List the prime factors of z.
3, 5
Let n(c) = 16*c + 2. Let b(f) = -f**2 + 3*f + 5. Let a be b(3). What are the prime factors of n(a)?
2, 41
Let k = 8 + -3. Suppose -k*q + 170 = 10. Let p = q + -8. List the prime factors of p.
2, 3
Suppose -h + 28 = -2*g, 4*h + 98 - 15 = -5*g. Let m = -71 + 147. Let y = m + g. What are the prime factors of y?
61
Let y(a) = a**3 + 13*a**2 + 12*a - 2. Suppose -4*q + 6 = -2*q, 4*q + 21 = -3*i. List the prime factors of y(i).
2, 3
What are the prime factors of (158/(-14) - (-54)/189)*-486?
2, 3, 11
Suppose 5*z - 4*z = -36. Let i = -51 - 6. Let g = z - i. What are the prime factors of g?
3, 7
Suppose -y + 2 + 0 = 0. Let k(g) = 5*g + 1 + 2*g**2 - 11*g + 8*g + 0*g. What are the prime factors of k(y)?
13
What are the prime factors of 2/((-2)/1*11/(-2805))?
3, 5, 17
Suppose -120 = -4*n + 4*p, -190 = -4*n + 2*p - 60. Suppose -3 = -4*v + 9. Suppose 5*k + 5 = 0, 5*k - n - 14 = -v*r. What are the prime factors of r?
2, 3
Let o be 0 - 6 - 4*-1. Let i be (2 + 1)*(o + 1). Let n(y) = -22*y - 2. List the prime factors of n(i).
2
Let a be 7*((-25)/(-7) - 3). Suppose -u = a*u - 10. Suppose -60 = -u*p + 26. What are the prime factors of p?
43
Suppose 63*q = 64*q - 21. List the prime factors of q.
3, 7
Suppose -675 = 2*q + 529. Suppose 0*a + 2*a = -4*h - 18, 5*h + 5*a + 10 = 0. List the prime factors of ((-2)/(-4))/(h/q).
43
Suppose -2*t = -2*m + 5802, -5*m + 5*t = 3*t - 14493. What are the prime factors of m?
2897
Let d(o) = -8*o**2 + o. Let a be d(-1). Let q = a + 12. Suppose 39 = q*j - 18. List the prime factors of j.
19
Suppose 0 = -5*r + 31*r - 6188. What are the prime factors of r?
2, 7, 17
Let h(y) = y**2 + 12*y - 13. Let g be h(-15). List the prime factors of (-4)/g + (-9)/(-8) + 95.
2, 3
Suppose 0 = -12*r + 9414 + 52254. What are the prime factors of r?
3, 571
Let h be (-8)/(-5)*(-520)/16. Let v = 92 + h. What are the prime factors of v?
2, 5
Let s = 132 + 4194. List the prime factors of s.
2, 3, 7, 103
What are the prime factors of 28353/26*6/9?
727
Suppose n + 5*s - 27 = 0, 5*n - s - 3 = n. Suppose 3*g = -2*a - 133, -a - n*g = 2*g + 64. Let p = a + 96. What are the prime factors of p?
2, 7
Let u(w) be the third derivative of -1/24*w**4 + 0 + 2*w**2 - 1/10*w**5 + 1/120*w**6 + 0*w - 1/3*w**3. List the prime factors of u(7).
2, 5
Suppose 3*t + 32*w - 37*w - 9548 = 0, -3*w - 12716 = -4*t. List the prime factors of t.
2, 397
Let d be 1*-1*2 + 2. Let p be 6 - 20/15*3. Suppose p*b - 13 = k, -k = -d*b + b + 1. List the prime factors of b.
2
Let p(h) = h + 20. Let m be p(16). Suppose 0*v + 15 = 5*v. Suppose -v*y - y = -m. What are the prime factors of y?
3
Suppose 0 = -2*x + 6*x - 1368. List the prime factors of 6*5/(-4)*x/(-95).
3
Suppose -5 = 9*p - 8*p. List the prime factors of (469 - p)*4/12.
2, 79
Let v be ((-6)/(-4))/(3/(-8)). Let f be 1*(4 - 5)*v. Suppose -4*x + 48 + 56 = 4*z, -f*x = 16. What are the prime factors of z?
2, 3, 5
Suppose -96 = -10*k + 7*k. Let s = 48 - k. What are the prime factors of s?
2
Let l(q) = 3*q - 2 - 2 + 1. Let c be l(3). What are the prime factors of 2 - (c - 3) - -8?
7
Let z be 36/6 - 61 - -2. Suppose -5*k - 47 = 463. Let j = z - k. List the prime factors of j.
7
Let o(u) = -u**2 - 11*u + 867. What are the prime factors of o(0)?
3, 17
Suppose -54*y - 20823 = -65*y. What are the prime factors of y?
3, 631
Let x be 3/3*-4 + -14. Let g = x + 2. What are the prime factors of g/(-72) - (-529)/9?
59
Suppose 16*g = 8*g + 2256. What are the prime factors of g?
2, 3, 47
Let c(q) = 1704*q**2 + 22*q - 22. What are the prime factors of c(1)?
2, 3, 71
Let p(c) be the third derivative of -1/6*c**3 + 4*c**2 + 0*c + 0 + 1/24*c**4 + 19/60*c**5. List the prime factors of p(-1).
17
Suppose 2*c + 3*w - 2722 = -229, c = -3*w + 1239. Suppose -7*r + c = -69. List the prime factors of r.
3, 7
What are the prime factors of 4/2 - (-115 + -2)?
7, 17
Suppose -3*z = -5*a + 578 + 331, 0 = -5*a - z + 917. Suppose -7*m + 4*m = -a. What are the prime factors of m?
61
Suppose -4*j + 4181 = 5*o, 18*j = 17*j - 5*o + 1049. What are the prime factors of j?
2, 3, 29
Let h(u) = -3*u**2 - 210*u - 11. List the prime factors of h(-57).
2, 7, 79
Let r = 1413 + -2224. Let l = r + 1147. List the prime factors of l.
2, 3, 7
Let l be 2*(-1)/9 - 10/(-45). Suppose l = -10*w + 4*w + 642. List the prime factors of w.
107
Suppose 76*c = 68*c + 2480. List the prime factors of c.
2, 5, 31
Let u(d) = 11*d**2 - 3*d + 1. Let y(z) = -2*z**2 - 10*z - 8. Let g be y(-6). Let b = -19 - g. List the prime factors of u(b).
3
Let t = 374 - -631. What are the prime factors of t?
3, 5, 67
Let j(x) = x**3 + 12*x**2 + 7*x - 3. Let c be j(-10). Let u = c - 88. List the prime factors of u.
3, 13
Let k = 6 - 1. Suppose -2*j + 57 + 56 = -r, k*r + 235 = 4*j. List the prime factors of j.
5, 11
Suppose 4*q = -3*v + q + 15, -2*q - 50 = -4*v. Suppose -3*d - 1 = -v. Suppose a + d + 2 = 0, m + 5*a = -19. List the prime factors of m.
2, 3
Let s(h) = -13*h - 36. Let p = 59 - 66. List the prime factors of s(p).
5, 11
Suppose 0 = 37*p - 36*p - 6. Suppose 907 = d + 4*d + 4*c, 0 = -3*c - p. What are the prime factors of d?
3, 61
Let b(d) = 7*d**2 - 24*d - 12. What are the prime factors of b(13)?
859
What are the prime factors of (-30)/6 + -10 + 169?
2, 7, 11
Suppose -3*a - 4966 = -4*o, -2*o + 9*a - 8*a + 2484 = 0. List the prime factors of o.
11, 113
Let a = 23 - 20. Suppose -7*c + a*c = -20. Suppose o = 2*t - 4*t - 4, c*t + 20 = 0. What are the prime factors of o?
2
Suppose 0 = -19*w + 41*w - 28094. List the prime factors of w.
1277
Let v(m) = m**3 + 4*m**2 + 6*m - 1. Let j be v(-3). Let a(s) = s**2 + 19. What are the prime factors of a(j)?
7, 17
Let c be ((-1)/3)/(8/(-96)). Suppose -c*a + 612 = -3*w, -w = -a - a + 308. Suppose 7*t = t + a. What are the prime factors of t?
2, 13
Suppose -2 = 5*t - 22. Suppose 2*w + 22 = 3*o, t*o - 39 = -o + w. What are the prime factors of 42*(2 + (-12)/o)?
3, 7
Let g(h) = 36*h**2 - 3*h + 2. Let z be g(2). Let p = z - 218. Let x = -52 - p. What are the prime factors of x?
2, 13
Let x be -3 + (-115)/10*2. Let o = -10 - x. What are the prime factors of o?
2
Let w = -22 + 31. Let l(x) = 1 + 6*x - 6 + 4 - w. What are the prime factors of l(8)?
2, 19
Suppose -7*u + 2728 + 1206 = 0. List the prime factors of u.
2, 281
Let j(z) = -z + 1. Let n be j(1). Let x(y) = 2*y + 78. What are the prime factors of x(n)?
2, 3, 13
Suppose 52 = 2*u + 3*g, 0 = 4*u - 5*u + g + 21. Let b = u - 16. What are the prime factors of b?
7
Suppose 0 = -54*s - 18*s + 124560. What are the prime factors of s?
2, 5, 173
Suppose -3*f = 4*u - 233, 4*f + f = 4*u + 431. Let t = -13 - -55. Let q = f - t. List the prime factors of q.
41
Let d(u) be the second derivative of -u**4/24 + 4*u**3 - 3*u**2/2 - 5*u. Let m(s) be the first derivative of d(s). List the prime factors of m(-10).
2, 17
Suppose -554 - 348 = -5*v + 4*r, 2*v + 3*r = 370. Suppose -3*i + 279 = -7*q + 3*q, 2*i - 4*q - v = 0. What are the prime factors of i?
97
Suppose 15685 = 34*d - 53063. What are the prime factors of d?
2, 3, 337
Let a(l) = 750*l**2 - 6*l + 4. What are the prime factors of a(1)?
2, 11, 17
Let l(r) = r + 4. Let o(x) = -x - 3. Let n(f) = -2*l(f) - 3*o(f). Let u be n(7). Suppose 3*v = -i + 14, -u*i + 4*i - 3*v = -29. List the prime factors of i.
5
Let p = 33 - 27. Suppose -425 = -p*f + f. Let j = -48 + f. List the prime factors of j.
37
Let h = -288 - 1010. List the prime factors of ((-2)/(-2))/((-11)/h).
2, 59
Let m = 5 - 11. Let d(c) be the first derivative of -c**3/3 - 4*c**2 - c + 2. What are the prime factors of d(m)?
11
Let g be 0 + 32/12*3. Suppose -2*u + g*u = 252. What are the prime factors of u?
2, 3, 7
List the prime factors of (-2661)/(-4)*(-284)/(-213).
887
Let c(t) = t**3 + 7*t**2 - 7*t + 10. Let w be c(-8). Suppose 0 = 3*n + z - 119, w*n - 2*z + 3*z = 79. Let i = n - -2. List the prime factors of i.
2, 3,